{"id":3,"date":"2025-07-18T08:00:12","date_gmt":"2025-07-18T01:00:12","guid":{"rendered":"https:\/\/news-b2.vbee.vn\/?page_id=3"},"modified":"2025-07-18T11:18:27","modified_gmt":"2025-07-18T04:18:27","slug":"chinh-sach-bao-mat","status":"publish","type":"page","link":"https:\/\/vbee.vn\/blog\/chinh-sach-bao-mat\/","title":{"rendered":"Ch\u00ednh s\u00e1ch b\u1ea3o m\u1eadt th\u00f4ng tin v\u00e0 b\u1ea3o m\u1eadt d\u1eef li\u1ec7u c\u00e1 nh\u00e2n c\u1ee7a Vbee"},"content":{"rendered":"<p style=\"text-align: right;\"><em>C\u1eadp nh\u1eadt: Th\u00e1ng 7\/2025<\/em><\/p><p><strong>Trong k\u1ef7 nguy\u00ean s\u1ed1 h\u00f3a hi\u1ec7n nay, vi\u1ec7c b\u1ea3o v\u1ec7 d\u1eef li\u1ec7u c\u00e1 nh\u00e2n kh\u00f4ng ch\u1ec9 l\u00e0 y\u00eau c\u1ea7u ph\u00e1p l\u00fd m\u00e0 c\u00f2n th\u1ec3 hi\u1ec7n tr\u00e1ch nhi\u1ec7m doanh nghi\u1ec7p. Vbee &#8211; C\u00f4ng ty C\u1ed5 ph\u1ea7n D\u1ecbch v\u1ee5 v\u00e0 Gi\u1ea3i ph\u00e1p X\u1eed l\u00fd D\u1eef li\u1ec7u hi\u1ec3u r\u00f5 t\u1ea7m quan tr\u1ecdng n\u00e0y v\u00e0 cam k\u1ebft x\u00e2y d\u1ef1ng m\u1ed9t h\u1ec7 sinh th\u00e1i b\u1ea3o m\u1eadt to\u00e0n di\u1ec7n cho kh\u00e1ch h\u00e0ng s\u1eed d\u1ee5ng d\u1ecbch v\u1ee5 chuy\u1ec3n \u0111\u1ed5i gi\u1ecdng n\u00f3i AI.<\/strong><\/p><h2>T\u1ea1i Sao B\u1ea3o M\u1eadt D\u1eef Li\u1ec7u L\u1ea1i Quan Tr\u1ecdng v\u1edbi Vbee?<\/h2><p>L\u00e0 \u0111\u01a1n v\u1ecb ti\u00ean phong trong l\u0129nh v\u1ef1c c\u00f4ng ngh\u1ec7 <a href=\"https:\/\/vbee.vn\/blog\/ai\/giong-noi-tri-tue-nhan-tao\/\">gi\u1ecdng n\u00f3i AI<\/a> t\u1ea1i Vi\u1ec7t Nam, <a rel=\"noopener\" target=\"_blank\" href=\"https:\/\/vbee.vn\">Vbee<\/a> nh\u1eadn th\u1ee9c s\u00e2u s\u1eafc r\u1eb1ng ni\u1ec1m tin c\u1ee7a kh\u00e1ch h\u00e0ng ch\u00ednh l\u00e0 n\u1ec1n t\u1ea3ng cho s\u1ef1 ph\u00e1t tri\u1ec3n b\u1ec1n v\u1eefng. M\u1ed7i th\u00f4ng tin m\u00e0 qu\u00fd kh\u00e1ch giao ph\u00f3 &#8211; t\u1eeb d\u1eef li\u1ec7u c\u00e1 nh\u00e2n c\u01a1 b\u1ea3n \u0111\u1ebfn n\u1ed9i dung gi\u1ecdng n\u00f3i \u0111\u1ed9c quy\u1ec1n &#8211; \u0111\u1ec1u \u0111\u01b0\u1ee3c Vbee coi tr\u1ecdng v\u00e0 b\u1ea3o v\u1ec7 nh\u01b0 t\u00e0i s\u1ea3n qu\u00fd gi\u00e1 nh\u1ea5t.<\/p><h3>Ph\u1ea1m Vi B\u1ea3o M\u1eadt To\u00e0n Di\u1ec7n<\/h3><p>Vbee tri\u1ec3n khai ch\u00ednh s\u00e1ch b\u1ea3o m\u1eadt tr\u00ean to\u00e0n b\u1ed9 h\u1ec7 sinh th\u00e1i d\u1ecbch v\u1ee5, bao g\u1ed3m:<\/p><ul><li><strong>Website ch\u00ednh th\u1ee9c<\/strong>: <a href=\"https:\/\/vbee.ai\/\" rel=\"nofollow noopener\" target=\"_blank\">vbee.ai<\/a> v\u00e0 <a href=\"https:\/\/vbee.vn\/\">vbee.vn<\/a><\/li><li><strong>\u1ee8ng d\u1ee5ng Vbee AIVoice<\/strong>: N\u1ec1n t\u1ea3ng chuy\u1ec3n \u0111\u1ed5i gi\u1ecdng n\u00f3i h\u00e0ng \u0111\u1ea7u<\/li><li><strong>H\u1ec7 th\u1ed1ng kh\u00e1ch h\u00e0ng<\/strong>: T\u1eeb t\u01b0 v\u1ea5n \u0111\u1ebfn h\u1ed7 tr\u1ee3 k\u1ef9 thu\u1eadt<\/li><\/ul><h2>D\u1eef Li\u1ec7u N\u00e0o \u0110\u01b0\u1ee3c Vbee Thu Th\u1eadp v\u00e0 B\u1ea3o V\u1ec7?<\/h2><h3>Th\u00f4ng Tin C\u01a1 B\u1ea3n &#8211; N\u1ec1n T\u1ea3ng D\u1ecbch V\u1ee5<\/h3><p>Vbee thu th\u1eadp c\u00e1c th\u00f4ng tin c\u1ea7n thi\u1ebft \u0111\u1ec3 \u0111\u1ea3m b\u1ea3o ch\u1ea5t l\u01b0\u1ee3ng d\u1ecbch v\u1ee5 t\u1ed1t nh\u1ea5t:<\/p><ul><li><strong>Th\u00f4ng tin li\u00ean h\u1ec7<\/strong>: H\u1ecd t\u00ean, email, s\u1ed1 \u0111i\u1ec7n tho\u1ea1i<\/li><li><strong>D\u1eef li\u1ec7u t\u00e0i kho\u1ea3n<\/strong>: Th\u00f4ng tin \u0111\u0103ng nh\u1eadp v\u00e0 c\u00e0i \u0111\u1eb7t c\u00e1 nh\u00e2n<\/li><li><strong>Th\u00f4ng tin giao d\u1ecbch<\/strong>: Chi ti\u1ebft \u0111\u01a1n h\u00e0ng, thanh to\u00e1n, h\u00f3a \u0111\u01a1n<\/li><\/ul><h3>D\u1eef Li\u1ec7u Chuy\u00ean Bi\u1ec7t &#8211; C\u00f4ng Ngh\u1ec7 AI<\/h3><p>L\u00e0 doanh nghi\u1ec7p c\u00f4ng ngh\u1ec7 gi\u1ecdng n\u00f3i, <strong>Vbee<\/strong> x\u1eed l\u00fd c\u00e1c lo\u1ea1i d\u1eef li\u1ec7u \u0111\u1eb7c th\u00f9:<\/p><ul><li><strong>N\u1ed9i dung v\u0103n b\u1ea3n<\/strong>: D\u1eef li\u1ec7u \u0111\u1ea7u v\u00e0o cho t\u00ednh n\u0103ng <a rel=\"noopener\" target=\"_blank\" href=\"https:\/\/vbee.vn\">text-to-speech<\/a><\/li><li><strong>M\u1eabu gi\u1ecdng n\u00f3i<\/strong>: D\u1eef li\u1ec7u \u00e2m thanh cho t\u00ednh n\u0103ng nh\u00e2n b\u1ea3n gi\u1ecdng n\u00f3i<\/li><li><strong>D\u1eef li\u1ec7u h\u00e0nh vi<\/strong>: Th\u00f4ng tin s\u1eed d\u1ee5ng \u0111\u1ec3 c\u1ea3i thi\u1ec7n tr\u1ea3i nghi\u1ec7m<\/li><\/ul><h3>Thu Th\u1eadp D\u1eef Li\u1ec7u Th\u00f4ng Minh<\/h3><p>Vbee \u00e1p d\u1ee5ng c\u00f4ng ngh\u1ec7 hi\u1ec7n \u0111\u1ea1i \u0111\u1ec3 thu th\u1eadp d\u1eef li\u1ec7u m\u1ed9t c\u00e1ch th\u00f4ng minh:<\/p><ul><li><strong>H\u1ec7 th\u1ed1ng cookie<\/strong>: T\u1ed1i \u01b0u h\u00f3a tr\u1ea3i nghi\u1ec7m ng\u01b0\u1eddi d\u00f9ng<\/li><li><strong>Ph\u00e2n t\u00edch h\u00e0nh vi<\/strong>: C\u1ea3i thi\u1ec7n giao di\u1ec7n v\u00e0 t\u00ednh n\u0103ng<\/li><li><strong>D\u1eef li\u1ec7u thi\u1ebft b\u1ecb<\/strong>: \u0110\u1ea3m b\u1ea3o t\u01b0\u01a1ng th\u00edch v\u00e0 b\u1ea3o m\u1eadt<\/li><\/ul><h2>M\u1ee5c \u0110\u00edch S\u1eed D\u1ee5ng D\u1eef Li\u1ec7u &#8211; Minh B\u1ea1ch v\u00e0 C\u00f3 Tr\u00e1ch Nhi\u1ec7m<\/h2><h3>D\u1ecbch V\u1ee5 Kh\u00e1ch H\u00e0ng V\u01b0\u1ee3t Tr\u1ed9i<\/h3><p>Vbee s\u1eed d\u1ee5ng d\u1eef li\u1ec7u kh\u00e1ch h\u00e0ng \u0111\u1ec3:<\/p><ul><li><strong>X\u00e1c th\u1ef1c danh t\u00ednh<\/strong>: \u0110\u1ea3m b\u1ea3o t\u00ednh b\u1ea3o m\u1eadt cao<\/li><li><strong>H\u1ed7 tr\u1ee3 k\u1ef9 thu\u1eadt<\/strong>: Gi\u1ea3i quy\u1ebft v\u1ea5n \u0111\u1ec1 nhanh ch\u00f3ng<\/li><li><strong>T\u01b0 v\u1ea5n chuy\u00ean m\u00f4n<\/strong>: \u0110\u01b0a ra gi\u1ea3i ph\u00e1p ph\u00f9 h\u1ee3p nh\u1ea5t<\/li><\/ul><h3>Ph\u00e1t Tri\u1ec3n S\u1ea3n Ph\u1ea9m Ti\u00ean Ti\u1ebfn<\/h3><p>D\u1eef li\u1ec7u gi\u00fap Vbee kh\u00f4ng ng\u1eebng c\u1ea3i ti\u1ebfn:<\/p><ul><li><strong>Nghi\u00ean c\u1ee9u th\u1ecb tr\u01b0\u1eddng<\/strong>: Hi\u1ec3u r\u00f5 nhu c\u1ea7u kh\u00e1ch h\u00e0ng<\/li><li><strong>Ph\u00e1t tri\u1ec3n t\u00ednh n\u0103ng<\/strong>: T\u1ea1o ra nh\u1eefng c\u00f4ng c\u1ee5 AI ti\u00ean ti\u1ebfn<\/li><li><strong>T\u1ed1i \u01b0u h\u00f3a hi\u1ec7u su\u1ea5t<\/strong>: N\u00e2ng cao ch\u1ea5t l\u01b0\u1ee3ng d\u1ecbch v\u1ee5<\/li><\/ul><h3>Tu\u00e2n Th\u1ee7 Ph\u00e1p Lu\u1eadt Nghi\u00eam Ng\u1eb7t<\/h3><p>Vbee cam k\u1ebft:<\/p><ul><li><strong>Xu\u1ea5t h\u00f3a \u0111\u01a1n<\/strong>: Theo \u0111\u00fang quy \u0111\u1ecbnh thu\u1ebf<\/li><li><strong>B\u00e1o c\u00e1o c\u01a1 quan<\/strong>: Khi c\u00f3 y\u00eau c\u1ea7u h\u1ee3p ph\u00e1p<\/li><li><strong>L\u01b0u tr\u1eef h\u1ed3 s\u01a1<\/strong>: \u0110\u1ea3m b\u1ea3o t\u00ednh minh b\u1ea1ch<\/li><\/ul><h2>Ai \u0110\u01b0\u1ee3c Ph\u00e9p Ti\u1ebfp C\u1eadn D\u1eef Li\u1ec7u Kh\u00e1ch H\u00e0ng?<\/h2><h3>H\u1ec7 Th\u1ed1ng Ph\u00e2n Quy\u1ec1n Ch\u1eb7t Ch\u1ebd<\/h3><p>Vbee \u00e1p d\u1ee5ng nguy\u00ean t\u1eafc &#8220;c\u1ea7n bi\u1ebft&#8221; (need-to-know):<\/p><ul><li><strong>Nh\u00e2n vi\u00ean Vbee<\/strong>: Ch\u1ec9 truy c\u1eadp d\u1eef li\u1ec7u c\u1ea7n thi\u1ebft cho c\u00f4ng vi\u1ec7c<\/li><li><strong>\u0110\u1ed1i t\u00e1c chi\u1ebfn l\u01b0\u1ee3c<\/strong>: Gi\u1edbi h\u1ea1n trong ph\u1ea1m vi h\u1ee3p t\u00e1c c\u1ee5 th\u1ec3<\/li><li><strong>Nh\u00e0 cung c\u1ea5p d\u1ecbch v\u1ee5<\/strong>: Ch\u1ec9 x\u1eed l\u00fd theo ch\u1ec9 \u0111\u1ea1o c\u1ee7a Vbee<\/li><\/ul><h3>Ti\u00eau Chu\u1ea9n B\u1ea3o M\u1eadt Th\u1ed1ng Nh\u1ea5t<\/h3><p>T\u1ea5t c\u1ea3 c\u00e1c b\u00ean li\u00ean quan \u0111\u1ec1u ph\u1ea3i:<\/p><ul><li><strong>K\u00fd cam k\u1ebft b\u1ea3o m\u1eadt<\/strong>: Tu\u00e2n th\u1ee7 nghi\u00eam ng\u1eb7t c\u00e1c quy \u0111\u1ecbnh<\/li><li><strong>\u00c1p d\u1ee5ng bi\u1ec7n ph\u00e1p k\u1ef9 thu\u1eadt<\/strong>: \u0110\u1ea3m b\u1ea3o an to\u00e0n d\u1eef li\u1ec7u<\/li><li><strong>Ch\u1ecbu tr\u00e1ch nhi\u1ec7m ph\u00e1p l\u00fd<\/strong>: Trong tr\u01b0\u1eddng h\u1ee3p vi ph\u1ea1m<\/li><\/ul><h2>C\u00f4ng Ngh\u1ec7 B\u1ea3o M\u1eadt Ti\u00ean Ti\u1ebfn c\u1ee7a Vbee<\/h2><h3>H\u1ea1 T\u1ea7ng K\u1ef9 Thu\u1eadt Hi\u1ec7n \u0110\u1ea1i<\/h3><p>Vbee \u0111\u1ea7u t\u01b0 m\u1ea1nh m\u1ebd v\u00e0o c\u00f4ng ngh\u1ec7 b\u1ea3o m\u1eadt:<\/p><ul><li><strong>M\u00e3 h\u00f3a d\u1eef li\u1ec7u<\/strong>: B\u1ea3o v\u1ec7 th\u00f4ng tin t\u1eeb \u0111\u1ea7u \u0111\u1ebfn cu\u1ed1i<\/li><li><strong>M\u00e1y ch\u1ee7 b\u1ea3o m\u1eadt<\/strong>: H\u1ec7 th\u1ed1ng cloud \u0111\u1ea1t ti\u00eau chu\u1ea9n qu\u1ed1c t\u1ebf<\/li><li><strong>Ki\u1ec3m so\u00e1t truy c\u1eadp<\/strong>: X\u00e1c th\u1ef1c \u0111a l\u1edbp v\u00e0 ph\u00e2n quy\u1ec1n chi ti\u1ebft<\/li><\/ul><h3>Ph\u01b0\u01a1ng Th\u1ee9c Thu Th\u1eadp \u0110a D\u1ea1ng<\/h3><p>Vbee s\u1eed d\u1ee5ng nhi\u1ec1u k\u00eanh thu th\u1eadp d\u1eef li\u1ec7u:<\/p><ul><li><strong>Giao di\u1ec7n web<\/strong>: T\u00edch h\u1ee3p b\u1ea3o m\u1eadt SSL<\/li><li><strong>\u1ee8ng d\u1ee5ng di \u0111\u1ed9ng<\/strong>: M\u00e3 h\u00f3a end-to-end<\/li><li><strong>T\u1ed5ng \u0111\u00e0i h\u1ed7 tr\u1ee3<\/strong>: Ghi \u00e2m \u0111\u01b0\u1ee3c m\u00e3 h\u00f3a v\u00e0 b\u1ea3o v\u1ec7<\/li><\/ul><h2>Quy\u1ec1n C\u1ee7a Kh\u00e1ch H\u00e0ng &#8211; Minh B\u1ea1ch v\u00e0 T\u00f4n Tr\u1ecdng<\/h2><h3>Quy\u1ec1n Ki\u1ec3m So\u00e1t D\u1eef Li\u1ec7u<\/h3><p>Kh\u00e1ch h\u00e0ng c\u1ee7a Vbee c\u00f3 to\u00e0n quy\u1ec1n:<\/p><ul><li><strong>Truy c\u1eadp th\u00f4ng tin<\/strong>: Xem m\u1ecdi d\u1eef li\u1ec7u \u0111\u01b0\u1ee3c l\u01b0u tr\u1eef<\/li><li><strong>Ch\u1ec9nh s\u1eeda d\u1eef li\u1ec7u<\/strong>: C\u1eadp nh\u1eadt th\u00f4ng tin c\u00e1 nh\u00e2n<\/li><li><strong>X\u00f3a d\u1eef li\u1ec7u<\/strong>: Y\u00eau c\u1ea7u x\u00f3a th\u00f4ng tin kh\u00f4ng c\u1ea7n thi\u1ebft<\/li><\/ul><h3>Ph\u01b0\u01a1ng Th\u1ee9c Th\u1ef1c Hi\u1ec7n Quy\u1ec1n<\/h3><p>Vbee cung c\u1ea5p nhi\u1ec1u k\u00eanh ti\u1ebfp c\u1eadn:<\/p><ul><li><strong>T\u1ef1 qu\u1ea3n l\u00fd<\/strong>: Th\u00f4ng qua t\u00e0i kho\u1ea3n c\u00e1 nh\u00e2n<\/li><li><strong>H\u1ed7 tr\u1ee3 tr\u1ef1c ti\u1ebfp<\/strong>: Qua hotline 024.9999.3399<\/li><li><strong>Email h\u1ed7 tr\u1ee3<\/strong>: G\u1eedi y\u00eau c\u1ea7u qua email <a href=\"mailto: contact@vbee.ai\">contact@vbee.ai<\/a><\/li><\/ul><h2>Cam K\u1ebft B\u1ea3o M\u1eadt V\u01b0\u1ee3t Tr\u1ed9i c\u1ee7a Vbee<\/h2><h3>Kh\u00f4ng B\u00e1n D\u1eef Li\u1ec7u Kh\u00e1ch H\u00e0ng<\/h3><p>Vbee cam k\u1ebft tuy\u1ec7t \u0111\u1ed1i:<\/p><ul><li><strong>Kh\u00f4ng th\u01b0\u01a1ng m\u1ea1i h\u00f3a<\/strong>: Kh\u00f4ng b\u00e1n d\u1eef li\u1ec7u cho b\u00ean th\u1ee9 ba<\/li><li><strong>Kh\u00f4ng chia s\u1ebb b\u1ea5t h\u1ee3p ph\u00e1p<\/strong>: Ch\u1ec9 chia s\u1ebb khi c\u00f3 y\u00eau c\u1ea7u ph\u00e1p l\u00fd<\/li><li><strong>Kh\u00f4ng s\u1eed d\u1ee5ng sai m\u1ee5c \u0111\u00edch<\/strong>: Tu\u00e2n th\u1ee7 \u0111\u00fang cam k\u1ebft ban \u0111\u1ea7u<\/li><\/ul><h3>Bi\u1ec7n Ph\u00e1p \u1ee8ng Ph\u00f3 S\u1ef1 C\u1ed1<\/h3><p>Vbee \u0111\u00e3 chu\u1ea9n b\u1ecb s\u1eb5n s\u00e0ng:<\/p><ul><li><strong>K\u1ebf ho\u1ea1ch \u1ee9ng ph\u00f3<\/strong>: X\u1eed l\u00fd nhanh ch\u00f3ng khi c\u00f3 s\u1ef1 c\u1ed1<\/li><li><strong>Th\u00f4ng b\u00e1o k\u1ecbp th\u1eddi<\/strong>: C\u1eadp nh\u1eadt t\u00ecnh h\u00ecnh cho kh\u00e1ch h\u00e0ng<\/li><li><strong>H\u1ee3p t\u00e1c v\u1edbi c\u01a1 quan<\/strong>: L\u00e0m vi\u1ec7c v\u1edbi c\u00e1c c\u01a1 quan ch\u1ee9c n\u0103ng<\/li><\/ul><h2>T\u01b0\u01a1ng Lai B\u1ea3o M\u1eadt D\u1eef Li\u1ec7u c\u00f9ng Vbee<\/h2><h3>C\u1eadp Nh\u1eadt Li\u00ean T\u1ee5c<\/h3><p>Vbee kh\u00f4ng ng\u1eebng c\u1ea3i ti\u1ebfn ch\u00ednh s\u00e1ch b\u1ea3o m\u1eadt:<\/p><ul><li><strong>Theo d\u00f5i xu h\u01b0\u1edbng<\/strong>: C\u1eadp nh\u1eadt theo ph\u00e1p lu\u1eadt m\u1edbi<\/li><li><strong>C\u00f4ng ngh\u1ec7 ti\u00ean ti\u1ebfn<\/strong>: \u00c1p d\u1ee5ng c\u00e1c gi\u1ea3i ph\u00e1p b\u1ea3o m\u1eadt m\u1edbi nh\u1ea5t<\/li><li><strong>Ph\u1ea3n h\u1ed3i kh\u00e1ch h\u00e0ng<\/strong>: L\u1eafng nghe v\u00e0 c\u1ea3i thi\u1ec7n d\u1ef1a tr\u00ean g\u00f3p \u00fd<\/li><\/ul><h3>T\u1ea7m Nh\u00ecn D\u00e0i H\u1ea1n<\/h3><p>Vbee h\u01b0\u1edbng t\u1edbi:<\/p><ul><li><strong>Ti\u00eau chu\u1ea9n qu\u1ed1c t\u1ebf<\/strong>: \u0110\u1ea1t c\u00e1c ch\u1ee9ng ch\u1ec9 b\u1ea3o m\u1eadt to\u00e0n c\u1ea7u<\/li><li><strong>Minh b\u1ea1ch tuy\u1ec7t \u0111\u1ed1i<\/strong>: C\u00f4ng khai m\u1ecdi ho\u1ea1t \u0111\u1ed9ng x\u1eed l\u00fd d\u1eef li\u1ec7u<\/li><li><strong>\u0110\u1ed5i m\u1edbi li\u00ean t\u1ee5c<\/strong>: D\u1eabn \u0111\u1ea7u trong vi\u1ec7c b\u1ea3o v\u1ec7 d\u1eef li\u1ec7u AI<\/li><\/ul><h2>Li\u00ean H\u1ec7 v\u00e0 H\u1ed7 Tr\u1ee3<\/h2><p><strong>C\u00f4ng ty C\u1ed5 ph\u1ea7n D\u1ecbch v\u1ee5 v\u00e0 Gi\u1ea3i ph\u00e1p X\u1eed l\u00fd D\u1eef li\u1ec7u Vbee<\/strong><\/p><ul><li><strong>\u0110\u1ecba ch\u1ec9<\/strong>: T\u1ea7ng 15, Ng\u1ecdc Kh\u00e1nh Plaza, S\u1ed1 1 Ph\u1ea1m Huy Th\u00f4ng, Ba \u0110\u00ecnh, H\u00e0 N\u1ed9i<\/li><li><strong>Hotline<\/strong>: 024.9999.3399 &#8211; 0901.533.799<\/li><li><strong>Email<\/strong>: contact@vbee.ai<\/li><li><strong>Website<\/strong>: vbee.ai | vbee.vn<\/li><\/ul><p>B\u1ea3o m\u1eadt th\u00f4ng tin kh\u00f4ng ch\u1ec9 l\u00e0 ngh\u0129a v\u1ee5 ph\u00e1p l\u00fd m\u00e0 c\u00f2n l\u00e0 cam k\u1ebft \u0111\u1ea1o \u0111\u1ee9c c\u1ee7a Vbee \u0111\u1ed1i v\u1edbi m\u1ed7i kh\u00e1ch h\u00e0ng. Ch\u00fang t\u00f4i tin r\u1eb1ng s\u1ef1 tin t\u01b0\u1edfng c\u1ee7a b\u1ea1n ch\u00ednh l\u00e0 \u0111\u1ed9ng l\u1ef1c \u0111\u1ec3 Vbee kh\u00f4ng ng\u1eebng ho\u00e0n thi\u1ec7n v\u00e0 ph\u00e1t tri\u1ec3n nh\u1eefng gi\u1ea3i ph\u00e1p AI gi\u1ecdng n\u00f3i ti\u00ean ti\u1ebfn nh\u1ea5t.<\/p>","protected":false},"excerpt":{"rendered":"<p>C\u1eadp nh\u1eadt: Th\u00e1ng 7\/2025Trong k\u1ef7 nguy\u00ean s\u1ed1 h\u00f3a hi\u1ec7n nay, vi\u1ec7c b\u1ea3o v\u1ec7 d\u1eef li\u1ec7u c\u00e1 nh\u00e2n kh\u00f4ng ch\u1ec9 l\u00e0 y\u00eau c\u1ea7u ph\u00e1p l\u00fd m\u00e0 c\u00f2n th\u1ec3 hi\u1ec7n tr\u00e1ch nhi\u1ec7m doanh nghi\u1ec7p. Vbee &#8211; C\u00f4ng ty C\u1ed5 ph\u1ea7n D\u1ecbch v\u1ee5 v\u00e0 Gi\u1ea3i ph\u00e1p X\u1eed l\u00fd D\u1eef li\u1ec7u hi\u1ec3u r\u00f5 t\u1ea7m quan tr\u1ecdng n\u00e0y v\u00e0 cam&#8230;<\/p>\n","protected":false},"author":1,"featured_media":13159,"parent":0,"menu_order":0,"comment_status":"closed","ping_status":"open","template":"","meta":{"footnotes":""},"class_list":["post-3","page","type-page","status-publish","has-post-thumbnail","hentry"],"_links":{"self":[{"href":"https:\/\/vbee.vn\/blog\/wp-json\/wp\/v2\/pages\/3","targetHints":{"allow":["GET"]}}],"collection":[{"href":"https:\/\/vbee.vn\/blog\/wp-json\/wp\/v2\/pages"}],"about":[{"href":"https:\/\/vbee.vn\/blog\/wp-json\/wp\/v2\/types\/page"}],"author":[{"embeddable":true,"href":"https:\/\/vbee.vn\/blog\/wp-json\/wp\/v2\/users\/1"}],"replies":[{"embeddable":true,"href":"https:\/\/vbee.vn\/blog\/wp-json\/wp\/v2\/comments?post=3"}],"version-history":[{"count":8,"href":"https:\/\/vbee.vn\/blog\/wp-json\/wp\/v2\/pages\/3\/revisions"}],"predecessor-version":[{"id":25541,"href":"https:\/\/vbee.vn\/blog\/wp-json\/wp\/v2\/pages\/3\/revisions\/25541"}],"wp:featuredmedia":[{"embeddable":true,"href":"https:\/\/vbee.vn\/blog\/wp-json\/wp\/v2\/media\/13159"}],"wp:attachment":[{"href":"https:\/\/vbee.vn\/blog\/wp-json\/wp\/v2\/media?parent=3"}],"curies":[{"name":"wp","href":"https:\/\/api.w.org\/{rel}","templated":true}]}}