{"id":5810,"date":"2025-08-12T08:00:00","date_gmt":"2025-08-12T01:00:00","guid":{"rendered":"https:\/\/vbee.vn\/blog\/?page_id=5810"},"modified":"2025-08-12T16:21:50","modified_gmt":"2025-08-12T09:21:50","slug":"gioi-thieu","status":"publish","type":"page","link":"https:\/\/vbee.vn\/blog\/gioi-thieu\/","title":{"rendered":"Gi\u1edbi thi\u1ec7u Vbee AIVoice"},"content":{"rendered":"<p><strong>Vbee AIVoice l\u00e0 c\u00f4ng c\u1ee5 chuy\u1ec3n v\u0103n b\u1ea3n th\u00e0nh gi\u1ecdng n\u00f3i d\u1ef1a tr\u00ean c\u00f4ng ngh\u1ec7 gi\u1ecdng n\u00f3i nh\u00e2n t\u1ea1o thu\u1ed9c s\u1edf h\u1eefu c\u1ee7a \u201cC\u00f4ng Ty C\u1ed5 Ph\u1ea7n D\u1ecbch V\u1ee5 V\u00e0 Gi\u1ea3i Ph\u00e1p X\u1eed L\u00fd D\u1eef Li\u1ec7u Vbee\u201d, n\u1eb1m trong h\u1ec7 sinh th\u00e1i <a href=\"https:\/\/vbee.ai\/\" rel=\"nofollow noopener\" target=\"_blank\">Vbee AI<\/a> v\u00e0 \u0111\u01b0\u1ee3c ph\u00e1t tri\u1ec3n c\u00f9ng v\u1edbi s\u1ea3n ph\u1ea9m v\u01b0\u1ee3t tr\u1ed9i kh\u00e1c nh\u01b0 \u201cAICall, SmartDialog\u201d,&#8230;.<\/strong><\/p><figure id=\"attachment_16754\" aria-describedby=\"caption-attachment-16754\" style=\"width: 768px\" class=\"wp-caption aligncenter\"><img decoding=\"async\" class=\"wp-image-16754 size-full\" src=\"https:\/\/vbee.vn\/blog\/wp-content\/uploads\/2024\/05\/Vbee-AVoice.webp\" alt=\"Vbee AIVoice - C\u00f4ng c\u1ee5 chuy\u1ec3n v\u0103n b\u1ea3n th\u00e0nh gi\u1ecdng n\u00f3i\" width=\"768\" height=\"386\" title=\"\" srcset=\"https:\/\/vbee.vn\/blog\/wp-content\/uploads\/2024\/05\/Vbee-AVoice.webp 768w, https:\/\/vbee.vn\/blog\/wp-content\/uploads\/2024\/05\/Vbee-AVoice-300x151.webp 300w\" sizes=\"(max-width: 768px) 100vw, 768px\" \/><figcaption id=\"caption-attachment-16754\" class=\"wp-caption-text\">Vbee AIVoice &#8211; C\u00f4ng c\u1ee5 chuy\u1ec3n v\u0103n b\u1ea3n th\u00e0nh gi\u1ecdng n\u00f3i<\/figcaption><\/figure><p>S\u1ea3n ph\u1ea9m c\u1ee7a ch\u00fang t\u00f4i t\u00edch h\u1ee3p c\u00f4ng ngh\u1ec7 AI ti\u00ean ti\u1ebfn \u0111\u1ec3 t\u1ea1o ra c\u00e1c gi\u1ecdng n\u00f3i t\u1ef1 nhi\u00ean v\u00e0 gi\u00e0u c\u1ea3m x\u00fac, ph\u1ee5c v\u1ee5 nhu c\u1ea7u s\u1ea3n xu\u1ea5t n\u1ed9i dung gi\u1ecdng \u0111\u1ecdc c\u1ee7a c\u00e1c nh\u00e0 s\u00e1ng t\u1ea1o n\u1ed9i dung, \u0111\u01a1n v\u1ecb b\u00e1o ch\u00ed, v\u00e0 s\u1ea3n xu\u1ea5t s\u00e1ch n\u00f3i,&#8230; C\u00f4ng ngh\u1ec7 n\u00e0y cho ph\u00e9p ng\u01b0\u1eddi d\u00f9ng chuy\u1ec3n \u0111\u1ed5i nhanh ch\u00f3ng v\u0103n b\u1ea3n th\u00e0nh gi\u1ecdng n\u00f3i ch\u1ec9 trong v\u00e0i gi\u00e2y, gi\u00fap ti\u1ebft ki\u1ec7m \u0111\u1ebfn h\u01a1n 90% ng\u00e2n s\u00e1ch v\u00e0 th\u1eddi gian so v\u1edbi c\u00e1c ph\u01b0\u01a1ng ph\u00e1p truy\u1ec1n th\u1ed1ng. Kh\u00f4ng ch\u1ec9 ti\u1ebft ki\u1ec7m chi ph\u00ed, <a rel=\"noopener\" target=\"_blank\" href=\"https:\/\/vbee.vn\">Vbee AIVoice<\/a> c\u00f2n \u0111\u1ea3m b\u1ea3o ch\u1ea5t l\u01b0\u1ee3ng cao v\u00e0 t\u00ednh linh ho\u1ea1t trong vi\u1ec7c t\u1ea1o ra n\u1ed9i dung \u00e2m thanh.<\/p><h2>C\u00e2u chuy\u1ec7n h\u00ecnh th\u00e0nh Vbee<\/h2><p>Vbee AIVoice \u0111\u01b0\u1ee3c h\u00ecnh th\u00e0nh t\u1eeb nh\u1eefng \u0111\u1ec1 t\u00e0i nghi\u00ean c\u1ee9u v\u1ec1 x\u1eed l\u00fd b\u1ed9 \u0111\u1ecdc d\u00e0nh cho ng\u01b0\u1eddi khi\u1ebfm th\u1ecb t\u1ea1i Tr\u01b0\u1eddng CNTT&amp;TT, \u0110\u1ea1i h\u1ecdc B\u00e1ch Khoa H\u00e0 N\u1ed9i do b\u00e0 Nguy\u1ec5n Th\u1ecb Thu Trang &#8211; gi\u1ea3ng vi\u00ean tr\u01b0\u1eddng \u0110\u1ea1i h\u1ecdc B\u00e1ch Khoa, \u0111\u1ed3ng th\u1eddi l\u00e0 Gi\u00e1m \u0111\u1ed1c C\u00f4ng ngh\u1ec7 hi\u1ec7n t\u1ea1i c\u1ee7a Vbee ph\u00e1t tri\u1ec3n. Nh\u1eadn th\u1ea5y ti\u1ec1m n\u0103ng trong t\u01b0\u01a1ng lai c\u1ee7a <a rel=\"noopener\" target=\"_blank\" href=\"https:\/\/vbee.vn\">gi\u1ecdng n\u00f3i nh\u00e2n t\u1ea1o<\/a>, hai nh\u00e0 \u0111\u1ed3ng s\u00e1ng l\u1eadp l\u00e0 b\u00e0 Nguy\u1ec5n Th\u1ecb Thu Trang v\u00e0 \u00f4ng <a href=\"https:\/\/vbee.vn\/blog\/doi-ngu\/ho-minh-duc\/\">H\u1ed3 Minh \u0110\u1ee9c<\/a> &#8211; ng\u01b0\u1eddi \u0111\u00e3 d\u00e0nh h\u01a1n m\u1ed9t th\u1eadp k\u1ef7 kinh doanh trong l\u0129nh v\u1ef1c c\u00f4ng ngh\u1ec7 quy\u1ebft \u0111\u1ecbnh th\u00e0nh l\u1eadp C\u00f4ng ty C\u1ed5 ph\u1ea7n D\u1ecbch v\u1ee5 v\u00e0 Gi\u1ea3i ph\u00e1p c\u00f4ng ngh\u1ec7 Vbee.\u00a0<\/p><p>V\u00e0o th\u00e1ng 6\/2018, Vbee \u0111\u00e3 ch\u00ednh th\u1ee9c gi\u1edbi thi\u1ec7u s\u1ea3n ph\u1ea9m \u0111\u1ea7u tay \u201cVbee AIVoice\u201d &#8211; n\u1ec1n t\u1ea3ng h\u00e0ng \u0111\u1ea7u trong l\u0129nh v\u1ef1c chuy\u1ec3n \u0111\u1ed5i v\u0103n b\u1ea3n sang gi\u1ecdng n\u00f3i. T\u1eeb \u0111\u00f3 \u0111\u1ebfn nay, Vbee AIVoice \u0111\u00e3 n\u1eafm gi\u1eef v\u1ecb tr\u00ed s\u1ed1 1 tr\u00ean th\u1ecb tr\u01b0\u1eddng c\u00f4ng ngh\u1ec7 gi\u1ecdng n\u00f3i nh\u00e2n t\u1ea1o t\u1ea1i Vi\u1ec7t Nam. Ch\u00fang t\u00f4i \u0111\u1eb7t m\u1ee5c ti\u00eau \u0111\u01b0\u1eddng d\u00e0i \u0111\u01b0a Vbee AIVoice tr\u1edf th\u00e0nh gi\u1ea3i ph\u00e1p <a class=\"wpil_keyword_link\" title=\"Text to Speech\" href=\"https:\/\/vbee.vn\/en\" target=\"_blank\" rel=\"noopener\" data-wpil-keyword-link=\"linked\" data-wpil-monitor-id=\"165\">Text to Speech<\/a> \u01b0u vi\u1ec7t nh\u1ea5t t\u1ea1i \u0110\u00f4ng Nam \u00c1 trong \u0111\u1ecbnh h\u01b0\u1edbng k\u1ebf ho\u1ea1ch 5 n\u0103m t\u1edbi.<\/p><figure id=\"attachment_16755\" aria-describedby=\"caption-attachment-16755\" style=\"width: 768px\" class=\"wp-caption aligncenter\"><img decoding=\"async\" class=\"wp-image-16755 size-full\" src=\"https:\/\/vbee.vn\/blog\/wp-content\/uploads\/2024\/05\/CEO-CTO-cua-Vbee.webp\" alt=\"T\u1ed5ng gi\u00e1m \u0111\u1ed1c H\u1ed3 Minh \u0110\u1ee9c v\u00e0 Gi\u00e1m \u0111\u1ed1c c\u00f4ng ngh\u1ec7 Nguy\u1ec5n Th\u1ecb Thu Trang - \u0110\u1ed3ng s\u00e1ng l\u1eadp c\u1ee7a Vbee\" width=\"768\" height=\"512\" title=\"\" srcset=\"https:\/\/vbee.vn\/blog\/wp-content\/uploads\/2024\/05\/CEO-CTO-cua-Vbee.webp 768w, https:\/\/vbee.vn\/blog\/wp-content\/uploads\/2024\/05\/CEO-CTO-cua-Vbee-300x200.webp 300w\" sizes=\"(max-width: 768px) 100vw, 768px\" \/><figcaption id=\"caption-attachment-16755\" class=\"wp-caption-text\">T\u1ed5ng gi\u00e1m \u0111\u1ed1c H\u1ed3 Minh \u0110\u1ee9c v\u00e0 Gi\u00e1m \u0111\u1ed1c c\u00f4ng ngh\u1ec7 Nguy\u1ec5n Th\u1ecb Thu Trang &#8211; \u0110\u1ed3ng s\u00e1ng l\u1eadp c\u1ee7a Vbee<\/figcaption><\/figure><h2>Gi\u00e1 tr\u1ecb c\u1ed1t l\u00f5i c\u1ee7a Vbee<\/h2><ul><li><strong>Kh\u00e1ch h\u00e0ng l\u00e0 trung t\u00e2m:<\/strong> Vbee \u0111\u1eb7t tr\u1ea3i nghi\u1ec7m v\u00e0 l\u1ee3i \u00edch c\u1ee7a kh\u00e1ch h\u00e0ng l\u00ean h\u00e0ng \u0111\u1ea7u, \u0111\u00e2y l\u00e0 t\u00f4n ch\u1ec9 m\u00e0 m\u1ecdi nh\u00e2n vi\u00ean lu\u00f4n h\u01b0\u1edbng t\u1edbi.<\/li><li><strong>H\u1ecdc t\u1eadp:<\/strong> Vbee tin r\u1eb1ng m\u1ed7i c\u00e1 nh\u00e2n ch\u01b0a \u0111\u1ea1t \u0111\u1ebfn phi\u00ean b\u1ea3n t\u1ed1t nh\u1ea5t c\u1ee7a b\u1ea3n th\u00e2n v\u00e0 kh\u1ea3 n\u0103ng h\u1ecdc h\u1ecfi l\u00e0 kh\u00f4ng gi\u1edbi h\u1ea1n. Ch\u00ednh v\u00ec v\u1eady, ch\u00fang t\u00f4i lu\u00f4n theo \u0111u\u1ed5i tri\u1ebft l\u00fd &#8220;H\u1ecdc, h\u1ecdc n\u1eefa, h\u1ecdc m\u00e3i.&#8221;<\/li><li><strong>Cam k\u1ebft:<\/strong> Ch\u00fang t\u00f4i lu\u00f4n cam k\u1ebft th\u1ef1c hi\u1ec7n l\u1eddi h\u1ee9a v\u00e0 ho\u00e0n th\u00e0nh m\u1ee5c ti\u00eau v\u1edbi tinh th\u1ea7n tr\u00e1ch nhi\u1ec7m v\u00e0 t\u1eadn t\u1ee5y 100%.<br \/><strong>Tin t\u01b0\u1edfng:<\/strong> T\u1ea1i Vbee, ni\u1ec1m tin l\u00e0 n\u1ec1n t\u1ea3ng c\u1ee7a m\u1ecdi ho\u1ea1t \u0111\u1ed9ng. Ch\u00fang t\u00f4i tin t\u01b0\u1edfng l\u1eabn nhau, tin v\u00e0o kh\u00e1ch h\u00e0ng v\u00e0 \u0111\u1ed1i t\u00e1c, v\u00e0 tin r\u1eb1ng ni\u1ec1m tin s\u1ebd t\u1ea1o n\u00ean gi\u00e1 tr\u1ecb.<\/li><li><strong>\u0110\u1ed5i m\u1edbi v\u00e0 \u0110\u01a1n gi\u1ea3n h\u00f3a:<\/strong> Vbee kh\u00f4ng ng\u1eebng <a href=\"https:\/\/vbee.vn\/blog\/chuyen-van-ban-thanh-giong-noi\/thach-thuc-han-che\/\">th\u00e1ch th\u1ee9c<\/a> b\u1ea3n th\u00e2n, suy ngh\u0129 theo c\u00e1ch m\u1edbi m\u1ebb \u0111\u1ec3 t\u1ea1o ra gi\u00e1 tr\u1ecb. Ch\u00fang t\u00f4i c\u0169ng lu\u00f4n t\u00ecm c\u00e1ch t\u1ed1i \u01b0u v\u00e0 \u0111\u01a1n gi\u1ea3n h\u00f3a m\u1ecdi quy tr\u00ecnh, v\u1edbi quan ni\u1ec7m r\u1eb1ng &#8220;\u0110\u01a1n gi\u1ea3n l\u00e0 t\u1eadn c\u00f9ng c\u1ee7a s\u1ef1 ph\u1ee9c t\u1ea1p.&#8221;<\/li><li><strong>C\u1ed9ng t\u00e1c:<\/strong> Vbee th\u00fac \u0111\u1ea9y m\u1ed9t m\u00f4i tr\u01b0\u1eddng l\u00e0m vi\u1ec7c h\u1ee3p t\u00e1c, t\u00edch c\u1ef1c v\u00e0 chia s\u1ebb, c\u1ea3 trong v\u00e0 ngo\u00e0i c\u00f4ng ty, \u0111\u1ec3 ph\u00e1t tri\u1ec3n b\u1ec1n v\u1eefng v\u00e0 n\u00e2ng cao hi\u1ec7u qu\u1ea3 c\u00f4ng vi\u1ec7c.<\/li><\/ul><h2>T\u1ea7m nh\u00ecn v\u00e0 s\u1ee9 m\u1ec7nh c\u1ee7a Vbee<\/h2><p>V\u1edbi kh\u00e1t v\u1ecdng \u201cNg\u01b0\u1eddi Vi\u1ec7t t\u1ea1o ra s\u1ea3n ph\u1ea9m d\u00e0nh cho ng\u01b0\u1eddi Vi\u1ec7t\u201d, Vbee mang s\u1ee9 m\u1ec7nh tr\u1edf th\u00e0nh m\u1ed9t trong nh\u1eefng ni\u1ec1m c\u1ea3m h\u1ee9ng cho c\u00e1c nh\u00e0 khoa h\u1ecdc c\u00f3 th\u1ec3 th\u01b0\u01a1ng m\u1ea1i ho\u00e1 th\u00e0nh c\u00f4ng, tr\u1edf th\u00e0nh c\u00f4ng ngh\u1ec7 l\u00f5i \u201cMake-in-Vietnam\u201d.<\/p><ul><li><strong>T\u1ea7m nh\u00ecn:<\/strong> Vbee n\u1ed7 l\u1ef1c cung c\u1ea5p tr\u1ea3i nghi\u1ec7m ng\u01b0\u1eddi d\u00f9ng t\u1ed1t nh\u1ea5t b\u1eb1ng c\u00e1ch t\u1ef1 \u0111\u1ed9ng h\u00f3a cu\u1ed9c h\u1ed9i tho\u1ea1i, gi\u00fap m\u1ed7i kh\u00e1ch h\u00e0ng th\u00e0nh c\u00f4ng. Ch\u00fang t\u00f4i mong mu\u1ed1n tr\u1edf th\u00e0nh c\u00f4ng ty h\u00e0ng \u0111\u1ea7u trong l\u0129nh v\u1ef1c <a href=\"https:\/\/vbee.vn\/blog\/ai\/\">tr\u00ed tu\u1ec7 nh\u00e2n t\u1ea1o<\/a>, mang l\u1ea1i nh\u1eefng gi\u1ea3i ph\u00e1p t\u1ed1i \u01b0u, ti\u00ean ti\u1ebfn v\u00e0 s\u00e1ng t\u1ea1o nh\u1ea5t cho kh\u00e1ch h\u00e0ng.<\/li><li><strong>S\u1ee9 m\u1ec7nh:<\/strong> M\u1ee5c ti\u00eau c\u1ee7a ch\u00fang t\u00f4i l\u00e0 ph\u00e1t tri\u1ec3n c\u00e1c nh\u00e2n vi\u00ean \u1ea3o v\u1edbi kh\u1ea3 n\u0103ng t\u01b0\u01a1ng t\u00e1c nh\u01b0 con ng\u01b0\u1eddi cho t\u1eebng th\u1ecb tr\u01b0\u1eddng ng\u00e1ch, d\u1ef1a tr\u00ean m\u1ed9t n\u1ec1n t\u1ea3ng AI h\u1ed9i tho\u1ea1i ti\u00ean ti\u1ebfn. Vbee cam k\u1ebft t\u1ea1o ra nh\u1eefng gi\u00e1 tr\u1ecb v\u01b0\u1ee3t tr\u1ed9i, \u0111\u1ed3ng h\u00e0nh c\u00f9ng doanh nghi\u1ec7p trong vi\u1ec7c n\u00e2ng cao hi\u1ec7u qu\u1ea3 kinh doanh v\u00e0 t\u1ed1i \u01b0u h\u00f3a quy tr\u00ecnh l\u00e0m vi\u1ec7c.<\/li><\/ul><h2>Nh\u1eefng con ng\u01b0\u1eddi ph\u00eda sau Vbee<\/h2><p>Trong nh\u1eefng ng\u00e0y \u0111\u1ea7u, khi \u00fd t\u01b0\u1edfng chuy\u1ec3n \u0111\u1ed5i v\u0103n b\u1ea3n th\u00e0nh ti\u1ebfng n\u00f3i <a href=\"https:\/\/vbee.vn\/blog\/chuyen-van-ban-thanh-giong-noi\/vietnamese-vi\/\">ti\u1ebfng Vi\u1ec7t<\/a> c\u00f2n l\u00e0 kh\u00e1i ni\u1ec7m m\u01a1 h\u1ed3 \u0111\u1ed1i v\u1edbi nhi\u1ec1u ng\u01b0\u1eddi, <a href=\"https:\/\/vbee.vn\/blog\/doi-ngu\/\">\u0111\u1ed9i ng\u0169<\/a> c\u1ee7a ch\u00fang t\u00f4i \u0111\u00e3 \u0111\u01b0\u1ee3c t\u1ea1o th\u00e0nh t\u1eeb c\u00e1c c\u00e1 nh\u00e2n \u0111\u1ea7y \u0111am m\u00ea, nhi\u1ec7t huy\u1ebft v\u00e0 tinh th\u1ea7n \u0111o\u00e0n k\u1ebft.<\/p><ul><li><strong><a href=\"https:\/\/vbee.vn\/blog\/gioi-thieu\/ho-minh-duc\/\">H\u1ed3 Minh \u0110\u1ee9c<\/a> &#8211; S\u00e1ng l\u1eadp vi\u00ean &amp; CEO:<\/strong> \u00d4ng H\u1ed3 Minh \u0110\u1ee9c l\u00e0 k\u1ef9 s\u01b0 ph\u1ea7n m\u1ec1m t\u1ed1t nghi\u1ec7p t\u1eeb \u0110\u1ea1i h\u1ecdc B\u00e1ch Khoa H\u00e0 N\u1ed9i v\u00e0 \u0111\u00e3 c\u00f3 h\u01a1n 16 n\u0103m kinh nghi\u1ec7m trong vi\u1ec7c qu\u1ea3n l\u00fd v\u00e0 \u0111i\u1ec1u h\u00e0nh. V\u1edbi nh\u1eefng n\u1ed7 l\u1ef1c kh\u00f4ng ng\u1eebng ngh\u1ec9 trong su\u1ed1t 7 n\u0103m, \u00f4ng \u0111\u00e3 \u0111\u01b0a Vbee AIVoice tr\u1edf th\u00e0nh gi\u1ea3i ph\u00e1p c\u00f4ng ngh\u1ec7 gi\u1ecdng n\u00f3i s\u1ed1 1 Vi\u1ec7t Nam v\u00e0 mong mu\u1ed1n s\u1ebd tr\u1edf th\u00e0nh m\u1ed9t s\u1ea3n ph\u1ea9m c\u1ee7a ng\u01b0\u1eddi Vi\u1ec7t d\u1eabn \u0111\u1ea7u \u0110\u00f4ng Nam \u00c1.<\/li><\/ul><figure id=\"attachment_16750\" aria-describedby=\"caption-attachment-16750\" style=\"width: 768px\" class=\"wp-caption aligncenter\"><img decoding=\"async\" class=\"wp-image-16750 size-full\" src=\"https:\/\/vbee.vn\/blog\/wp-content\/uploads\/2024\/05\/CEO-Vbee-Ho-Minh_Duc.webp\" alt=\"H\u1ed3 Minh \u0110\u1ee9c - CEO (T\u1ed5ng gi\u00e1m \u0111\u1ed1c c\u1ee7a Vbee)\" width=\"768\" height=\"512\" title=\"\" srcset=\"https:\/\/vbee.vn\/blog\/wp-content\/uploads\/2024\/05\/CEO-Vbee-Ho-Minh_Duc.webp 768w, https:\/\/vbee.vn\/blog\/wp-content\/uploads\/2024\/05\/CEO-Vbee-Ho-Minh_Duc-300x200.webp 300w\" sizes=\"(max-width: 768px) 100vw, 768px\" \/><figcaption id=\"caption-attachment-16750\" class=\"wp-caption-text\">H\u1ed3 Minh \u0110\u1ee9c &#8211; CEO (T\u1ed5ng gi\u00e1m \u0111\u1ed1c c\u1ee7a Vbee)<\/figcaption><\/figure><ul><li><strong><a href=\"https:\/\/vbee.vn\/blog\/gioi-thieu\/nguyen-thi-thu-trang\/\">Nguy\u1ec5n Th\u1ecb Thu Trang<\/a> &#8211; S\u00e1ng l\u1eadp vi\u00ean &amp; CTO:<\/strong> B\u00e0 Nguy\u1ec5n Th\u1ecb Thu Trang, Ti\u1ebfn s\u0129 khoa <a href=\"https:\/\/vbee.vn\/blog\/ai\/machine-learning\/\">h\u1ecdc m\u00e1y<\/a> t\u00ednh t\u1eeb \u0110\u1ea1i h\u1ecdc Paris-Sud, Ph\u00e1p. B\u00e0 \u0111\u00e3 c\u00f3 h\u01a1n 18 n\u0103m kinh nghi\u1ec7m trong c\u00f4ng ngh\u1ec7 ph\u1ea7n m\u1ec1m v\u00e0 AI, hi\u1ec7n l\u00e0 gi\u1ea3ng vi\u00ean t\u1ea1i \u0110\u1ea1i h\u1ecdc B\u00e1ch Khoa H\u00e0 N\u1ed9i. V\u1edbi t\u1ea7m nh\u00ecn s\u00e2u r\u1ed9ng, b\u00e0 \u0111\u00e3 d\u1eabn d\u1eaft Vbee AIVoice t\u1eeb nh\u1eefng ng\u00e0y \u0111\u1ea7u khi c\u00f2n l\u00e0 m\u1ed9t \u0111\u1ec1 t\u00e0i nghi\u00ean c\u1ee9u v\u1ec1 b\u1ed9 \u0111\u1ecdc d\u00e0nh cho ng\u01b0\u1eddi khi\u1ebfm th\u1ecb, tr\u1edf th\u00e0nh m\u1ed9t n\u1ec1n t\u1ea3ng chuy\u1ec3n \u0111\u1ed5i v\u0103n b\u1ea3n th\u00e0nh gi\u1ecdng n\u00f3i h\u00e0ng \u0111\u1ea7u v\u1edbi th\u1ebf m\u1ea1nh c\u00f4ng ngh\u1ec7 l\u00f5i t\u1ef1 s\u1ea3n xu\u1ea5t, mang l\u1ea1i nhi\u1ec1u ti\u1ec7n \u00edch cho ng\u01b0\u1eddi d\u00f9ng v\u00e0 kh\u1eb3ng \u0111\u1ecbnh v\u1ecb th\u1ebf c\u1ee7a tr\u00ed tu\u1ec7 Vi\u1ec7t tr\u00ean th\u1ecb tr\u01b0\u1eddng c\u00f4ng ngh\u1ec7 gi\u1ecdng n\u00f3i.<\/li><\/ul><figure id=\"attachment_16751\" aria-describedby=\"caption-attachment-16751\" style=\"width: 768px\" class=\"wp-caption aligncenter\"><img decoding=\"async\" class=\"wp-image-16751 size-full\" src=\"https:\/\/vbee.vn\/blog\/wp-content\/uploads\/2024\/05\/CTO-Vbee-Nguyen-Thi-Thu-Trang.webp\" alt=\"Nguy\u1ec5n Th\u1ecb Thu Trang - CTO (Gi\u00e1m \u0111\u1ed1c c\u00f4ng ngh\u1ec7 c\u1ee7a Vbee)\" width=\"768\" height=\"512\" title=\"\" srcset=\"https:\/\/vbee.vn\/blog\/wp-content\/uploads\/2024\/05\/CTO-Vbee-Nguyen-Thi-Thu-Trang.webp 768w, https:\/\/vbee.vn\/blog\/wp-content\/uploads\/2024\/05\/CTO-Vbee-Nguyen-Thi-Thu-Trang-300x200.webp 300w\" sizes=\"(max-width: 768px) 100vw, 768px\" \/><figcaption id=\"caption-attachment-16751\" class=\"wp-caption-text\">Nguy\u1ec5n Th\u1ecb Thu Trang &#8211; CTO (Gi\u00e1m \u0111\u1ed1c c\u00f4ng ngh\u1ec7 c\u1ee7a Vbee)<\/figcaption><\/figure><p>\u0110\u1ed3ng th\u1eddi, \u0111\u1ec3 c\u00f3 Vbee ng\u00e0y h\u00f4m nay kh\u00f4ng th\u1ec3 kh\u00f4ng k\u1ec3 \u0111\u1ebfn \u0111\u1ed9i ng\u0169 x\u00e2y d\u1ef1ng v\u00e0 ph\u00e1t tri\u1ec3n c\u1ee7a ch\u00fang t\u00f4i t\u1eeb nh\u1eefng ng\u00e0y \u0111\u1ea7u ti\u00ean. \u0110\u1ed9i ng\u0169 Vbee bao g\u1ed3m nh\u1eefng chuy\u00ean gia gi\u00e0u kinh nghi\u1ec7m v\u00e0 \u0111am m\u00ea, lu\u00f4n n\u1ed7 l\u1ef1c mang l\u1ea1i nh\u1eefng gi\u1ea3i ph\u00e1p AI ti\u00ean ti\u1ebfn nh\u1ea5t.<\/p><p>T\u1eebng th\u00e0nh vi\u00ean \u0111\u1ec1u c\u00f3 n\u1ec1n t\u1ea3ng v\u1eefng ch\u1eafc v\u1ec1 c\u00f4ng ngh\u1ec7 v\u00e0 kinh doanh, t\u1eeb nh\u1eefng k\u1ef9 s\u01b0 ph\u1ea7n m\u1ec1m \u0111\u1ebfn c\u00e1c chuy\u00ean gia nghi\u00ean c\u1ee9u v\u00e0 ph\u00e1t tri\u1ec3n, t\u1ea5t c\u1ea3 \u0111\u1ec1u g\u00f3p ph\u1ea7n v\u00e0o vi\u1ec7c x\u00e2y d\u1ef1ng nh\u1eefng s\u1ea3n ph\u1ea9m ch\u1ea5t l\u01b0\u1ee3ng cao, \u0111\u00e1p \u1ee9ng nhu c\u1ea7u \u0111a d\u1ea1ng c\u1ee7a th\u1ecb tr\u01b0\u1eddng. Ch\u00fang t\u00f4i kh\u00f4ng ch\u1ec9 h\u01b0\u1edbng t\u1edbi vi\u1ec7c t\u1ed1i \u01b0u h\u00f3a tr\u1ea3i nghi\u1ec7m ng\u01b0\u1eddi d\u00f9ng m\u00e0 c\u00f2n mong mu\u1ed1n \u0111\u00f3ng g\u00f3p v\u00e0o s\u1ef1 ph\u00e1t tri\u1ec3n chung c\u1ee7a n\u1ec1n c\u00f4ng ngh\u1ec7 Vi\u1ec7t Nam, kh\u1eb3ng \u0111\u1ecbnh v\u1ecb th\u1ebf c\u1ee7a tr\u00ed tu\u1ec7 Vi\u1ec7t tr\u00ean b\u1ea3n \u0111\u1ed3 th\u1ebf gi\u1edbi.<\/p><figure id=\"attachment_16752\" aria-describedby=\"caption-attachment-16752\" style=\"width: 768px\" class=\"wp-caption aligncenter\"><img decoding=\"async\" class=\"wp-image-16752 size-full\" src=\"https:\/\/vbee.vn\/blog\/wp-content\/uploads\/2024\/05\/doi-ngu-nhan-su-vbee.webp\" alt=\"\u0110\u1ed9i ng\u0169 nh\u00e2n s\u1ef1 c\u1ee7a Vbee\" width=\"768\" height=\"512\" title=\"\" srcset=\"https:\/\/vbee.vn\/blog\/wp-content\/uploads\/2024\/05\/doi-ngu-nhan-su-vbee.webp 768w, https:\/\/vbee.vn\/blog\/wp-content\/uploads\/2024\/05\/doi-ngu-nhan-su-vbee-300x200.webp 300w\" sizes=\"(max-width: 768px) 100vw, 768px\" \/><figcaption id=\"caption-attachment-16752\" class=\"wp-caption-text\">\u0110\u1ed9i ng\u0169 nh\u00e2n s\u1ef1 c\u1ee7a Vbee<\/figcaption><\/figure><h2>Th\u00e0nh t\u1ef1u c\u1ee7a ch\u00fang t\u00f4i<\/h2><p>Sau 7 n\u0103m th\u00e0nh l\u1eadp, Vbee AIVoice \u0111\u00e3 xu\u1ea5t s\u1eafc \u0111\u1ea1t \u0111\u01b0\u1ee3c 1.500.000+ ng\u01b0\u1eddi d\u00f9ng. Trong \u0111\u00f3 vinh d\u1ef1 \u0111\u01b0\u1ee3c nh\u1eadn gi\u1ea3i th\u01b0\u1edfng danh gi\u00e1 Nh\u00e2n t\u00e0i \u0111\u1ea5t Vi\u1ec7t 2018 v\u1edbi gi\u1ea3i ph\u00e1p chuy\u1ec3n v\u0103n b\u1ea3n th\u00e0nh ti\u1ebfng n\u00f3i ti\u1ebfng Vi\u1ec7t.<\/p><p>Kh\u00f4ng d\u1eebng l\u1ea1i \u1edf \u0111\u00f3, Vbee c\u0169ng th\u00e0nh c\u00f4ng \u0111\u1ea1t \u0111\u01b0\u1ee3c nh\u1eefng uy t\u00edn nh\u1ea5t \u0111\u1ecbnh trong th\u1ecb tr\u01b0\u1eddng Start up khi vinh d\u1ef1 nh\u1eadn \u0111\u01b0\u1ee3c c\u00e1c gi\u1ea3i th\u01b0\u1edfng:<\/p><ul><li>V\u01b0\u1ee3t qua 350+ d\u1ef1 \u00e1n tr\u00ean to\u00e0n qu\u1ed1c nh\u1eadn Qu\u1ef9 t\u00e0i tr\u1ee3 Vingroup 2019<\/li><li>Start-up th\u1eafng cu\u1ed9c t\u1ea1i T\u0103ng t\u1ed1c kh\u1edfi nghi\u1ec7p Grab 2020<\/li><li>\u0110\u01b0\u1ee3c B\u1ed9 KH&amp;CN c\u00f4ng nh\u1eadn 2020 trong chi\u1ebfn l\u01b0\u1ee3c h\u1ed7 tr\u1ee3 v\u00e0 \u01b0u \u0111\u00e3i c\u00e1c doanh nghi\u1ec7p ho\u1ea1t \u0111\u1ed9ng trong l\u0129nh v\u1ef1c KHCN<\/li><li>V\u01b0\u1ee3t qua 500+ start-up tr\u00ean to\u00e0n qu\u1ed1c vinh d\u1ef1 d\u00e0nh gi\u1ea3i \u0110\u1eb7c bi\u1ec7t t\u1ea1i Tu\u1ed5i tr\u1ebb Start-up Award 2023<\/li><\/ul><p>Vbee AIVoice lu\u00f4n ph\u1ea5n \u0111\u1ea5u \u0111\u1ec3 ti\u1ebfp t\u1ee5c h\u00e0nh tr\u00ecnh s\u00e1ng t\u1ea1o v\u00e0 ph\u00e1t tri\u1ec3n, kh\u00f4ng ng\u1eebng n\u1ed7 l\u1ef1c \u0111\u1ec3 mang l\u1ea1i nh\u1eefng gi\u00e1 tr\u1ecb v\u01b0\u1ee3t tr\u1ed9i cho kh\u00e1ch h\u00e0ng v\u00e0 c\u1ed9ng \u0111\u1ed3ng, lu\u00f4n s\u1eb5n s\u00e0ng d\u1eabn d\u1eaft v\u00e0 t\u1ea1o nhi\u1ec1u b\u01b0\u1edbc \u0111\u1ed9t ph\u00e1 trong t\u01b0\u01a1ng lai.<\/p><p><strong>Th\u00f4ng tin li\u00ean h\u1ec7<\/strong><\/p><p>VBEE AIVOICE STUDIO &#8211; C\u00d4NG C\u1ee4 CHUY\u1ec2N V\u0102N B\u1ea2N TH\u00c0NH GI\u1eccNG N\u00d3I (TEXT TO SPEECH)<\/p><ul><li><strong>\u0110i\u1ec7n tho\u1ea1i:<\/strong> (+84) 249 999 3399 \u2013 (+84) 901 533 799<\/li><li><strong>Website:<\/strong> vbee.vn<\/li><li><strong>Email:<\/strong> contact@vbee.ai<\/li><li><strong>\u0110\u1ecba ch\u1ec9:<\/strong> T\u00e2\u0300ng 15 t\u00f2a Ng\u1ecdc Kh\u00e1nh Plaza, S\u1ed1 1 Ph\u1ea1m Huy Th\u00f4ng, Ba \u0110\u00ecnh, Ha\u0300 N\u00f4\u0323i<\/li><\/ul>","protected":false},"excerpt":{"rendered":"<p>Vbee AIVoice l\u00e0 c\u00f4ng c\u1ee5 chuy\u1ec3n v\u0103n b\u1ea3n th\u00e0nh gi\u1ecdng n\u00f3i d\u1ef1a tr\u00ean c\u00f4ng ngh\u1ec7 gi\u1ecdng n\u00f3i nh\u00e2n t\u1ea1o thu\u1ed9c s\u1edf h\u1eefu c\u1ee7a \u201cC\u00f4ng Ty C\u1ed5 Ph\u1ea7n D\u1ecbch V\u1ee5 V\u00e0 Gi\u1ea3i Ph\u00e1p X\u1eed L\u00fd D\u1eef Li\u1ec7u Vbee\u201d, n\u1eb1m trong h\u1ec7 sinh th\u00e1i Vbee AI v\u00e0 \u0111\u01b0\u1ee3c ph\u00e1t tri\u1ec3n c\u00f9ng v\u1edbi s\u1ea3n ph\u1ea9m v\u01b0\u1ee3t tr\u1ed9i kh\u00e1c&#8230;<\/p>\n","protected":false},"author":10,"featured_media":0,"parent":0,"menu_order":0,"comment_status":"closed","ping_status":"closed","template":"","meta":{"footnotes":""},"class_list":["post-5810","page","type-page","status-publish","hentry"],"_links":{"self":[{"href":"https:\/\/vbee.vn\/blog\/wp-json\/wp\/v2\/pages\/5810","targetHints":{"allow":["GET"]}}],"collection":[{"href":"https:\/\/vbee.vn\/blog\/wp-json\/wp\/v2\/pages"}],"about":[{"href":"https:\/\/vbee.vn\/blog\/wp-json\/wp\/v2\/types\/page"}],"author":[{"embeddable":true,"href":"https:\/\/vbee.vn\/blog\/wp-json\/wp\/v2\/users\/10"}],"replies":[{"embeddable":true,"href":"https:\/\/vbee.vn\/blog\/wp-json\/wp\/v2\/comments?post=5810"}],"version-history":[{"count":14,"href":"https:\/\/vbee.vn\/blog\/wp-json\/wp\/v2\/pages\/5810\/revisions"}],"predecessor-version":[{"id":26046,"href":"https:\/\/vbee.vn\/blog\/wp-json\/wp\/v2\/pages\/5810\/revisions\/26046"}],"wp:attachment":[{"href":"https:\/\/vbee.vn\/blog\/wp-json\/wp\/v2\/media?parent=5810"}],"curies":[{"name":"wp","href":"https:\/\/api.w.org\/{rel}","templated":true}]}}