{"id":5814,"date":"2025-07-18T08:00:01","date_gmt":"2025-07-18T01:00:01","guid":{"rendered":"https:\/\/vbee.vn\/blog\/?page_id=5814"},"modified":"2025-07-18T11:22:36","modified_gmt":"2025-07-18T04:22:36","slug":"dieu-khoan-dich-vu","status":"publish","type":"page","link":"https:\/\/vbee.vn\/blog\/dieu-khoan-dich-vu\/","title":{"rendered":"\u0110i\u1ec1u kho\u1ea3n s\u1eed d\u1ee5ng d\u1ecbch v\u1ee5 Vbee AIVoice: H\u01b0\u1edbng d\u1eabn \u0111\u1ea7y \u0111\u1ee7 cho ng\u01b0\u1eddi d\u00f9ng"},"content":{"rendered":"<p style=\"text-align: right;\"><em>C\u1eadp nh\u1eadt l\u1ea7n cu\u1ed1i: 14\/07\/2025<\/em><\/p><p>Khi s\u1eed d\u1ee5ng d\u1ecbch v\u1ee5 chuy\u1ec3n \u0111\u1ed5i v\u0103n b\u1ea3n th\u00e0nh gi\u1ecdng n\u00f3i <strong>Vbee AIVoice<\/strong>, vi\u1ec7c hi\u1ec3u r\u00f5 c\u00e1c \u0111i\u1ec1u kho\u1ea3n s\u1eed d\u1ee5ng l\u00e0 v\u00f4 c\u00f9ng quan tr\u1ecdng. B\u00e0i vi\u1ebft n\u00e0y s\u1ebd gi\u00fap b\u1ea1n n\u1eafm b\u1eaft \u0111\u1ea7y \u0111\u1ee7 quy\u1ec1n l\u1ee3i v\u00e0 tr\u00e1ch nhi\u1ec7m khi s\u1eed d\u1ee5ng c\u00f4ng ngh\u1ec7 AI ti\u00ean ti\u1ebfn t\u1eeb <strong>C\u00f4ng ty C\u1ed5 ph\u1ea7n D\u1ecbch v\u1ee5 v\u00e0 Gi\u1ea3i ph\u00e1p X\u1eed l\u00fd D\u1eef li\u1ec7u Vbee<\/strong>.<\/p><h2>Gi\u1edbi thi\u1ec7u v\u1ec1 Vbee AIVoice<\/h2><p><strong>Vbee AIVoice<\/strong> l\u00e0 d\u1ecbch v\u1ee5 chuy\u1ec3n \u0111\u1ed5i v\u0103n b\u1ea3n th\u00e0nh gi\u1ecdng n\u00f3i \u0111\u01b0\u1ee3c cung c\u1ea5p b\u1edfi <a rel=\"noopener\" target=\"_blank\" href=\"https:\/\/vbee.vn\">Vbee<\/a> t\u1ea1i website <a href=\"https:\/\/vbee.vn\/\">vbee.vn<\/a> v\u00e0 <a href=\"https:\/\/vbee.ai\/\" rel=\"nofollow noopener\" target=\"_blank\">vbee.ai<\/a>. \u0110\u00e2y l\u00e0 gi\u1ea3i ph\u00e1p c\u00f4ng ngh\u1ec7 ti\u00ean ti\u1ebfn gi\u00fap ng\u01b0\u1eddi d\u00f9ng t\u1ea1o ra \u00e2m thanh ch\u1ea5t l\u01b0\u1ee3ng cao t\u1eeb v\u0103n b\u1ea3n \u0111\u1ea7u v\u00e0o.<\/p><p>Khi truy c\u1eadp v\u00e0 s\u1eed d\u1ee5ng d\u1ecbch v\u1ee5, b\u1ea1n t\u1ef1 \u0111\u1ed9ng ch\u1ea5p nh\u1eadn v\u00e0 \u0111\u1ed3ng \u00fd tu\u00e2n th\u1ee7 c\u00e1c \u0111i\u1ec1u kho\u1ea3n \u0111\u01b0\u1ee3c quy \u0111\u1ecbnh. N\u1ebfu kh\u00f4ng \u0111\u1ed3ng \u00fd, b\u1ea1n kh\u00f4ng n\u00ean ti\u1ebfp t\u1ee5c s\u1eed d\u1ee5ng d\u1ecbch v\u1ee5.<\/p><h2>C\u00e1c kh\u00e1i ni\u1ec7m c\u01a1 b\u1ea3n c\u1ea7n hi\u1ec3u<\/h2><h3>D\u1eef li\u1ec7u c\u00e1 nh\u00e2n v\u00e0 ph\u00e2n lo\u1ea1i<\/h3><p><strong>D\u1eef li\u1ec7u c\u00e1 nh\u00e2n<\/strong> l\u00e0 th\u00f4ng tin d\u01b0\u1edbi d\u1ea1ng k\u00fd hi\u1ec7u, ch\u1eef vi\u1ebft, s\u1ed1, h\u00ecnh \u1ea3nh ho\u1eb7c \u00e2m thanh tr\u00ean m\u00f4i tr\u01b0\u1eddng \u0111i\u1ec7n t\u1eed g\u1eafn li\u1ec1n v\u1edbi m\u1ed9t c\u00e1 nh\u00e2n c\u1ee5 th\u1ec3. Trong h\u1ec7 th\u1ed1ng Vbee AIVoice, d\u1eef li\u1ec7u \u0111\u01b0\u1ee3c ph\u00e2n th\u00e0nh hai lo\u1ea1i:<\/p><ul><li><strong>D\u1eef li\u1ec7u \u0111\u1ea7u v\u00e0o<\/strong>: V\u0103n b\u1ea3n, b\u1ea3n <a href=\"https:\/\/vbee.vn\/blog\/chia-se\/cach-thu-am-giong-noi-lam-video\/\">thu \u00e2m gi\u1ecdng n\u00f3i<\/a> ho\u1eb7c n\u1ed9i dung kh\u00e1c m\u00e0 b\u1ea1n cung c\u1ea5p cho h\u1ec7 th\u1ed1ng<\/li><li><strong>D\u1eef li\u1ec7u \u0111\u1ea7u ra<\/strong>: \u00c2m thanh \u0111\u01b0\u1ee3c t\u1ea1o ra t\u1eeb d\u1eef li\u1ec7u \u0111\u1ea7u v\u00e0o c\u1ee7a b\u1ea1n<\/li><\/ul><h3>C\u00e1c b\u00ean li\u00ean quan<\/h3><p>H\u1ec7 th\u1ed1ng x\u00e1c \u0111\u1ecbnh c\u00e1c vai tr\u00f2 kh\u00e1c nhau trong qu\u00e1 tr\u00ecnh x\u1eed l\u00fd d\u1eef li\u1ec7u:<\/p><ul><li><strong>Ch\u1ee7 th\u1ec3 d\u1eef li\u1ec7u<\/strong>: C\u00e1 nh\u00e2n \u0111\u01b0\u1ee3c d\u1eef li\u1ec7u c\u00e1 nh\u00e2n ph\u1ea3n \u00e1nh<\/li><li><strong>B\u00ean ki\u1ec3m so\u00e1t<\/strong>: T\u1ed5 ch\u1ee9c quy\u1ebft \u0111\u1ecbnh m\u1ee5c \u0111\u00edch v\u00e0 ph\u01b0\u01a1ng ti\u1ec7n x\u1eed l\u00fd d\u1eef li\u1ec7u<\/li><li><strong>B\u00ean x\u1eed l\u00fd<\/strong>: T\u1ed5 ch\u1ee9c th\u1ef1c hi\u1ec7n x\u1eed l\u00fd d\u1eef li\u1ec7u thay m\u1eb7t cho b\u00ean ki\u1ec3m so\u00e1t<\/li><\/ul><h2>Quy\u1ec1n v\u00e0 tr\u00e1ch nhi\u1ec7m c\u1ee7a Vbee<\/h2><h3>Cam k\u1ebft b\u1ea3o v\u1ec7 d\u1eef li\u1ec7u c\u00e1 nh\u00e2n<\/h3><p><strong>Vbee cam k\u1ebft nghi\u00eam ng\u1eb7t<\/strong> v\u1ec1 vi\u1ec7c b\u1ea3o v\u1ec7 d\u1eef li\u1ec7u c\u00e1 nh\u00e2n c\u1ee7a kh\u00e1ch h\u00e0ng. C\u00f4ng ty ch\u1ec9 thu th\u1eadp nh\u1eefng th\u00f4ng tin c\u1ea7n thi\u1ebft \u0111\u1ec3 t\u1ea1o t\u00e0i kho\u1ea3n v\u00e0 cung c\u1ea5p d\u1ecbch v\u1ee5. D\u1eef li\u1ec7u c\u00e1 nh\u00e2n s\u1ebd kh\u00f4ng \u0111\u01b0\u1ee3c chia s\u1ebb v\u1edbi b\u00ean th\u1ee9 ba, tr\u1eeb c\u00e1c tr\u01b0\u1eddng h\u1ee3p c\u1ea7n thi\u1ebft theo quy \u0111\u1ecbnh ph\u00e1p lu\u1eadt.<\/p><h3>Mi\u1ec5n tr\u1eeb tr\u00e1ch nhi\u1ec7m<\/h3><p><strong>Vbee \u0111\u00f3ng vai tr\u00f2 l\u00e0 c\u00f4ng c\u1ee5 h\u1ed7 tr\u1ee3<\/strong>, kh\u00f4ng tham gia tr\u1ef1c ti\u1ebfp v\u00e0o vi\u1ec7c ki\u1ec3m so\u00e1t v\u00e0 x\u1eed l\u00fd d\u1eef li\u1ec7u c\u00e1 nh\u00e2n. Do \u0111\u00f3, c\u00f4ng ty \u0111\u01b0\u1ee3c mi\u1ec5n tr\u1eeb c\u00e1c tr\u00e1ch nhi\u1ec7m li\u00ean quan \u0111\u1ebfn:<\/p><ul><li>Thi\u1ec7t h\u1ea1i ph\u00e1t sinh t\u1eeb d\u1eef li\u1ec7u \u0111\u1ea7u v\u00e0o v\u00e0 \u0111\u1ea7u ra<\/li><li>Khi\u1ebfu n\u1ea1i t\u1eeb b\u00ean th\u1ee9 ba<\/li><li>H\u00e0nh vi l\u1ea1m d\u1ee5ng ho\u1eb7c s\u1eed d\u1ee5ng tr\u00e1i ph\u00e9p d\u1eef li\u1ec7u \u0111\u1ea7u ra<\/li><li>T\u1ed5n th\u1ea5t do virus ho\u1eb7c s\u1ef1 c\u1ed1 k\u1ef9 thu\u1eadt ngo\u00e0i t\u1ea7m ki\u1ec3m so\u00e1t<\/li><\/ul><h3>Quy\u1ec1n gi\u00e1m s\u00e1t v\u00e0 x\u1eed l\u00fd vi ph\u1ea1m<\/h3><p><strong>Vbee c\u00f3 quy\u1ec1n s\u1eed d\u1ee5ng<\/strong> c\u00e1c c\u00f4ng c\u1ee5 c\u1ea3nh b\u00e1o v\u00e0 ph\u00e1t hi\u1ec7n \u0111\u1ec3 ng\u0103n ch\u1eb7n n\u1ed9i dung vi ph\u1ea1m ph\u00e1p lu\u1eadt. Khi ph\u00e1t hi\u1ec7n d\u1ea5u hi\u1ec7u vi ph\u1ea1m, c\u00f4ng ty c\u00f3 th\u1ec3 \u00e1p d\u1ee5ng c\u00e1c bi\u1ec7n ph\u00e1p x\u1eed l\u00fd ph\u00f9 h\u1ee3p.<\/p><h2>Ngh\u0129a v\u1ee5 c\u1ee7a kh\u00e1ch h\u00e0ng<\/h2><h3>Quy \u0111\u1ecbnh chung v\u1ec1 s\u1eed d\u1ee5ng d\u1ecbch v\u1ee5<\/h3><p>Kh\u00e1ch h\u00e0ng c\u1ea7n tu\u00e2n th\u1ee7 c\u00e1c quy \u0111\u1ecbnh sau:<\/p><p><strong>V\u1ec1 \u0111\u1ed9 tu\u1ed5i v\u00e0 n\u0103ng l\u1ef1c<\/strong>: Ng\u01b0\u1eddi s\u1eed d\u1ee5ng ph\u1ea3i t\u1eeb 16 tu\u1ed5i tr\u1edf l\u00ean v\u00e0 c\u00f3 \u0111\u1ea7y \u0111\u1ee7 n\u0103ng l\u1ef1c h\u00e0nh vi d\u00e2n s\u1ef1. Tr\u1ebb em d\u01b0\u1edbi 16 tu\u1ed5i c\u1ea7n c\u00f3 s\u1ef1 \u0111\u1ed3ng \u00fd c\u1ee7a cha m\u1eb9 ho\u1eb7c ng\u01b0\u1eddi gi\u00e1m h\u1ed9.<\/p><p><strong>V\u1ec1 t\u00e0i kho\u1ea3n<\/strong>: D\u1ecbch v\u1ee5 ch\u1ec9 \u0111\u01b0\u1ee3c s\u1eed d\u1ee5ng qua c\u00e1c k\u00eanh ch\u00ednh th\u1ee9c c\u1ee7a Vbee. Kh\u00e1ch h\u00e0ng ph\u1ea3i b\u1ea3o m\u1eadt th\u00f4ng tin \u0111\u0103ng nh\u1eadp v\u00e0 ch\u1ecbu tr\u00e1ch nhi\u1ec7m v\u1ec1 m\u1ecdi ho\u1ea1t \u0111\u1ed9ng qua t\u00e0i kho\u1ea3n c\u1ee7a m\u00ecnh.<\/p><p><strong>V\u1ec1 n\u1ed9i dung<\/strong>: Kh\u00e1ch h\u00e0ng cam k\u1ebft tu\u00e2n th\u1ee7 ph\u00e1p lu\u1eadt v\u1ec1 n\u1ed9i dung tr\u00ean Internet v\u00e0 ch\u1ecbu tr\u00e1ch nhi\u1ec7m ho\u00e0n to\u00e0n v\u1ec1 d\u1eef li\u1ec7u \u0111\u1ea7u v\u00e0o v\u00e0 m\u1ee5c \u0111\u00edch s\u1eed d\u1ee5ng d\u1eef li\u1ec7u \u0111\u1ea7u ra.<\/p><h3>Tr\u00e1ch nhi\u1ec7m v\u1ec1 b\u1ea3o v\u1ec7 d\u1eef li\u1ec7u c\u00e1 nh\u00e2n<\/h3><p>Kh\u00e1ch h\u00e0ng c\u00f3 ngh\u0129a v\u1ee5:<\/p><ul><li>Tu\u00e2n th\u1ee7 c\u00e1c nguy\u00ean t\u1eafc b\u1ea3o v\u1ec7 d\u1eef li\u1ec7u c\u00e1 nh\u00e2n<\/li><li>\u0110\u1ea3m b\u1ea3o c\u00f3 s\u1ef1 \u0111\u1ed3ng \u00fd c\u1ee7a ch\u1ee7 th\u1ec3 d\u1eef li\u1ec7u khi x\u1eed l\u00fd d\u1eef li\u1ec7u c\u1ee7a ng\u01b0\u1eddi kh\u00e1c<\/li><li>Th\u00f4ng b\u00e1o k\u1ecbp th\u1eddi cho Vbee v\u1ec1 c\u00e1c thay \u0111\u1ed5i li\u00ean quan \u0111\u1ebfn d\u1eef li\u1ec7u c\u00e1 nh\u00e2n<\/li><li>T\u1ef1 ch\u1ecbu tr\u00e1ch nhi\u1ec7m khi b\u1ecb khi\u1ebfu n\u1ea1i v\u1ec1 vi ph\u1ea1m d\u1eef li\u1ec7u c\u00e1 nh\u00e2n<\/li><\/ul><h2>B\u1ea3n quy\u1ec1n v\u00e0 s\u1edf h\u1eefu tr\u00ed tu\u1ec7<\/h2><h3>Quy\u1ec1n s\u1edf h\u1eefu c\u1ee7a Vbee<\/h3><p><strong>Vbee l\u00e0 ch\u1ee7 s\u1edf h\u1eefu h\u1ee3p ph\u00e1p<\/strong> c\u1ee7a:<\/p><ul><li>Website vbee.ai v\u00e0 vbee.vn<\/li><li>\u1ee8ng d\u1ee5ng Vbee AIVoice<\/li><li>C\u00f4ng ngh\u1ec7 ph\u00e1t tri\u1ec3n v\u00e0 nh\u00e3n hi\u1ec7u Vbee AI<\/li><li>C\u00e1c gi\u1ecdng n\u00f3i trong th\u01b0 vi\u1ec7n<\/li><\/ul><h3>Quy\u1ec1n s\u1eed d\u1ee5ng c\u1ee7a kh\u00e1ch h\u00e0ng<\/h3><p>Kh\u00e1ch h\u00e0ng \u0111\u01b0\u1ee3c <strong>c\u1ea5p ph\u00e9p c\u00f3 gi\u1edbi h\u1ea1n<\/strong> (kh\u00f4ng \u0111\u1ed9c quy\u1ec1n, kh\u00f4ng th\u1ec3 chuy\u1ec3n nh\u01b0\u1ee3ng) \u0111\u1ec3 s\u1eed d\u1ee5ng c\u00e1c gi\u1ecdng n\u00f3i trong th\u01b0 vi\u1ec7n. Vi\u1ec7c s\u1eed d\u1ee5ng v\u01b0\u1ee3t qu\u00e1 ph\u1ea1m vi n\u00e0y \u0111\u1ec1u b\u1ecb c\u1ea5m v\u00e0 c\u00f3 th\u1ec3 b\u1ecb x\u1eed l\u00fd theo ph\u00e1p lu\u1eadt.<\/p><p><strong>Vbee cam k\u1ebft<\/strong> r\u1eb1ng d\u1eef li\u1ec7u \u0111\u1ea7u ra \u0111\u01b0\u1ee3c t\u1ea1o b\u1eb1ng c\u00e1c gi\u1ecdng n\u00f3i trong th\u01b0 vi\u1ec7n kh\u00f4ng vi ph\u1ea1m quy\u1ec1n s\u1edf h\u1eefu tr\u00ed tu\u1ec7 c\u1ee7a b\u00ean th\u1ee9 ba n\u00e0o kh\u00e1c.<\/p><h2>Ch\u00ednh s\u00e1ch b\u1ed3i ho\u00e0n<\/h2><p><strong>Vbee kh\u00f4ng c\u00f3 tr\u00e1ch nhi\u1ec7m b\u1ed3i ho\u00e0n<\/strong> gi\u00e1 tr\u1ecb g\u00f3i d\u1ecbch v\u1ee5 sau khi kh\u00e1ch h\u00e0ng \u0111\u00e3 ho\u00e0n t\u1ea5t thanh to\u00e1n, ngo\u1ea1i tr\u1eeb c\u00e1c tr\u01b0\u1eddng h\u1ee3p \u0111\u01b0\u1ee3c quy \u0111\u1ecbnh trong ch\u00ednh s\u00e1ch thanh to\u00e1n.<\/p><p>Khi g\u1eb7p l\u1ed7i k\u1ef9 thu\u1eadt, kh\u00e1ch h\u00e0ng c\u00f3 th\u1ec3 li\u00ean h\u1ec7 t\u1ed5ng \u0111\u00e0i <a href=\"https:\/\/vbee.vn\/blog\/usecase\/ai-trong-cham-soc-khach-hang\/\">ch\u0103m s\u00f3c kh\u00e1ch h\u00e0ng<\/a> \u0111\u1ec3 \u0111\u01b0\u1ee3c h\u1ed7 tr\u1ee3 v\u00e0 gi\u1ea3i quy\u1ebft.<\/p><h2>Thay \u0111\u1ed5i \u0111i\u1ec1u kho\u1ea3n s\u1eed d\u1ee5ng<\/h2><h3>Quy\u1ec1n thay \u0111\u1ed5i c\u1ee7a Vbee<\/h3><p><strong>Vbee c\u00f3 quy\u1ec1n thay \u0111\u1ed5i<\/strong> \u0111i\u1ec1u kho\u1ea3n s\u1eed d\u1ee5ng b\u1ea5t k\u1ef3 l\u00fac n\u00e0o m\u00e0 kh\u00f4ng c\u1ea7n th\u00f4ng b\u00e1o tr\u01b0\u1edbc, mi\u1ec5n l\u00e0 kh\u00f4ng vi ph\u1ea1m ph\u00e1p lu\u1eadt hi\u1ec7n h\u00e0nh.<\/p><h3>Hi\u1ec7u l\u1ef1c c\u1ee7a c\u00e1c thay \u0111\u1ed5i<\/h3><p>C\u00e1c thay \u0111\u1ed5i s\u1ebd <strong>c\u00f3 hi\u1ec7u l\u1ef1c ngay<\/strong> khi \u0111\u01b0\u1ee3c \u0111\u0103ng t\u1ea3i tr\u00ean h\u1ec7 th\u1ed1ng. Vi\u1ec7c ti\u1ebfp t\u1ee5c s\u1eed d\u1ee5ng d\u1ecbch v\u1ee5 sau khi c\u00f3 thay \u0111\u1ed5i \u0111\u01b0\u1ee3c coi l\u00e0 \u0111\u1ed3ng \u00fd v\u1edbi c\u00e1c \u0111i\u1ec1u kho\u1ea3n m\u1edbi.<\/p><h2>Gi\u1ea3i quy\u1ebft tranh ch\u1ea5p<\/h2><h3>\u01afu ti\u00ean th\u01b0\u01a1ng l\u01b0\u1ee3ng<\/h3><p>Khi ph\u00e1t sinh tranh ch\u1ea5p, c\u00e1c b\u00ean <strong>\u01b0u ti\u00ean gi\u1ea3i quy\u1ebft th\u00f4ng qua th\u01b0\u01a1ng l\u01b0\u1ee3ng<\/strong>. \u0110i\u1ec1u n\u00e0y th\u1ec3 hi\u1ec7n tinh th\u1ea7n h\u1ee3p t\u00e1c v\u00e0 mong mu\u1ed1n duy tr\u00ec m\u1ed1i quan h\u1ec7 t\u1ed1t \u0111\u1eb9p.<\/p><h3>Th\u1ea9m quy\u1ec1n gi\u1ea3i quy\u1ebft<\/h3><p>N\u1ebfu th\u01b0\u01a1ng l\u01b0\u1ee3ng kh\u00f4ng th\u00e0nh c\u00f4ng, tranh ch\u1ea5p s\u1ebd \u0111\u01b0\u1ee3c \u0111\u01b0a ra <strong>T\u00f2a \u00e1n nh\u00e2n d\u00e2n c\u00f3 th\u1ea9m quy\u1ec1n t\u1ea1i H\u00e0 N\u1ed9i<\/strong>. Ph\u00e1n quy\u1ebft c\u1ee7a T\u00f2a \u00e1n s\u1ebd l\u00e0 quy\u1ebft \u0111\u1ecbnh cu\u1ed1i c\u00f9ng v\u00e0 c\u00f3 gi\u00e1 tr\u1ecb r\u00e0ng bu\u1ed9c.<\/p><h2>Cam k\u1ebft chung v\u00e0 t\u00ednh ph\u00e1p l\u00fd<\/h2><h3>Gi\u00e1 tr\u1ecb ph\u00e1p l\u00fd<\/h3><p>\u0110i\u1ec1u kho\u1ea3n s\u1eed d\u1ee5ng t\u1ea1o th\u00e0nh <strong>th\u1ecfa thu\u1eadn ho\u00e0n ch\u1ec9nh<\/strong> gi\u1eefa Vbee v\u00e0 kh\u00e1ch h\u00e0ng, c\u00f3 gi\u00e1 tr\u1ecb ph\u00e1p l\u00fd t\u01b0\u01a1ng \u0111\u01b0\u01a1ng v\u1edbi h\u1ee3p \u0111\u1ed3ng d\u1ecbch v\u1ee5. Vi\u1ec7c x\u00e1c nh\u1eadn \u0111\u1ed3ng \u00fd b\u1eb1ng b\u1ea5t k\u1ef3 h\u00ecnh th\u1ee9c n\u00e0o tr\u00ean h\u1ec7 th\u1ed1ng \u0111\u1ec1u c\u00f3 gi\u00e1 tr\u1ecb nh\u01b0 ch\u1eef k\u00fd.<\/p><h3>Tu\u00e2n th\u1ee7 ph\u00e1p lu\u1eadt Vi\u1ec7t Nam<\/h3><p>M\u1ecdi ho\u1ea1t \u0111\u1ed9ng li\u00ean quan \u0111\u1ebfn d\u1ecbch v\u1ee5 s\u1ebd \u0111\u01b0\u1ee3c <strong>\u0111i\u1ec1u ch\u1ec9nh b\u1edfi ph\u00e1p lu\u1eadt Vi\u1ec7t Nam<\/strong>. C\u00e1c v\u1ea5n \u0111\u1ec1 kh\u00f4ng \u0111\u01b0\u1ee3c \u0111\u1ec1 c\u1eadp trong \u0111i\u1ec1u kho\u1ea3n s\u1ebd th\u1ef1c hi\u1ec7n theo quy \u0111\u1ecbnh ph\u00e1p lu\u1eadt hi\u1ec7n h\u00e0nh.<\/p><h2>K\u1ebft lu\u1eadn<\/h2><p>Vi\u1ec7c hi\u1ec3u r\u00f5 \u0111i\u1ec1u kho\u1ea3n s\u1eed d\u1ee5ng <strong>Vbee AIVoice<\/strong> kh\u00f4ng ch\u1ec9 gi\u00fap b\u1ea1n s\u1eed d\u1ee5ng d\u1ecbch v\u1ee5 hi\u1ec7u qu\u1ea3 m\u00e0 c\u00f2n b\u1ea3o v\u1ec7 quy\u1ec1n l\u1ee3i c\u1ee7a ch\u00ednh m\u00ecnh. V\u1edbi cam k\u1ebft v\u1ec1 ch\u1ea5t l\u01b0\u1ee3ng d\u1ecbch v\u1ee5 v\u00e0 b\u1ea3o v\u1ec7 d\u1eef li\u1ec7u c\u00e1 nh\u00e2n, Vbee lu\u00f4n n\u1ed7 l\u1ef1c mang \u0111\u1ebfn tr\u1ea3i nghi\u1ec7m t\u1ed1t nh\u1ea5t cho kh\u00e1ch h\u00e0ng.<\/p><p>N\u1ebfu c\u00f3 b\u1ea5t k\u1ef3 th\u1eafc m\u1eafc n\u00e0o v\u1ec1 \u0111i\u1ec1u kho\u1ea3n s\u1eed d\u1ee5ng, b\u1ea1n c\u00f3 th\u1ec3 li\u00ean h\u1ec7 tr\u1ef1c ti\u1ebfp v\u1edbi t\u1ed5ng \u0111\u00e0i ch\u0103m s\u00f3c kh\u00e1ch h\u00e0ng c\u1ee7a Vbee \u0111\u1ec3 \u0111\u01b0\u1ee3c t\u01b0 v\u1ea5n chi ti\u1ebft.<\/p><p><em>\u0110\u1ec3 c\u1eadp nh\u1eadt th\u00f4ng tin m\u1edbi nh\u1ea5t v\u1ec1 \u0111i\u1ec1u kho\u1ea3n s\u1eed d\u1ee5ng, vui l\u00f2ng truy c\u1eadp website ch\u00ednh th\u1ee9c c\u1ee7a Vbee t\u1ea1i <a href=\"https:\/\/vbee.vn\/\">vbee.vn<\/a> ho\u1eb7c <a href=\"https:\/\/vbee.ai\/\" rel=\"nofollow noopener\" target=\"_blank\">vbee.ai<\/a>.<\/em><\/p>","protected":false},"excerpt":{"rendered":"<p>C\u1eadp nh\u1eadt l\u1ea7n cu\u1ed1i: 14\/07\/2025Khi s\u1eed d\u1ee5ng d\u1ecbch v\u1ee5 chuy\u1ec3n \u0111\u1ed5i v\u0103n b\u1ea3n th\u00e0nh gi\u1ecdng n\u00f3i Vbee AIVoice, vi\u1ec7c hi\u1ec3u r\u00f5 c\u00e1c \u0111i\u1ec1u kho\u1ea3n s\u1eed d\u1ee5ng l\u00e0 v\u00f4 c\u00f9ng quan tr\u1ecdng. B\u00e0i vi\u1ebft n\u00e0y s\u1ebd gi\u00fap b\u1ea1n n\u1eafm b\u1eaft \u0111\u1ea7y \u0111\u1ee7 quy\u1ec1n l\u1ee3i v\u00e0 tr\u00e1ch nhi\u1ec7m khi s\u1eed d\u1ee5ng c\u00f4ng ngh\u1ec7 AI ti\u00ean ti\u1ebfn t\u1eeb&#8230;<\/p>\n","protected":false},"author":10,"featured_media":12164,"parent":0,"menu_order":0,"comment_status":"closed","ping_status":"closed","template":"","meta":{"footnotes":""},"class_list":["post-5814","page","type-page","status-publish","has-post-thumbnail","hentry"],"_links":{"self":[{"href":"https:\/\/vbee.vn\/blog\/wp-json\/wp\/v2\/pages\/5814","targetHints":{"allow":["GET"]}}],"collection":[{"href":"https:\/\/vbee.vn\/blog\/wp-json\/wp\/v2\/pages"}],"about":[{"href":"https:\/\/vbee.vn\/blog\/wp-json\/wp\/v2\/types\/page"}],"author":[{"embeddable":true,"href":"https:\/\/vbee.vn\/blog\/wp-json\/wp\/v2\/users\/10"}],"replies":[{"embeddable":true,"href":"https:\/\/vbee.vn\/blog\/wp-json\/wp\/v2\/comments?post=5814"}],"version-history":[{"count":8,"href":"https:\/\/vbee.vn\/blog\/wp-json\/wp\/v2\/pages\/5814\/revisions"}],"predecessor-version":[{"id":25542,"href":"https:\/\/vbee.vn\/blog\/wp-json\/wp\/v2\/pages\/5814\/revisions\/25542"}],"wp:featuredmedia":[{"embeddable":true,"href":"https:\/\/vbee.vn\/blog\/wp-json\/wp\/v2\/media\/12164"}],"wp:attachment":[{"href":"https:\/\/vbee.vn\/blog\/wp-json\/wp\/v2\/media?parent=5814"}],"curies":[{"name":"wp","href":"https:\/\/api.w.org\/{rel}","templated":true}]}}